ctor of 21 and 222957651.
21
What is the highest common factor of 1496 and 11209?
11
Calculate the greatest common divisor of 1282 and 2489003.
641
Calculate the highest common factor of 342528 and 671007.
669
Calculate the greatest common divisor of 903150 and 8040042.
4014
What is the highest common divisor of 78934 and 50752?
122
What is the greatest common factor of 10095 and 1538370?
15
Calculate the highest common divisor of 304991531 and 2509.
2509
What is the greatest common divisor of 2 and 113840686?
2
What is the greatest common divisor of 9268833 and 79?
79
Calculate the greatest common factor of 65251 and 920.
23
Calculate the highest common divisor of 17424645 and 245.
245
Calculate the highest common divisor of 22081 and 16744862.
311
Calculate the highest common divisor of 2833 and 1638136922.
2833
Calculate the highest common factor of 255 and 2756754.
51
Calculate the greatest common factor of 49048518 and 332.
166
What is the greatest common divisor of 49691297 and 29?
29
What is the greatest common factor of 6282 and 29075888?
698
Calculate the highest common divisor of 3615216 and 23616.
1968
Calculate the greatest common divisor of 1272 and 106739244.
636
Calculate the greatest common factor of 62234041 and 2572.
643
Calculate the highest common factor of 321693 and 24335.
157
What is the greatest common factor of 244272819 and 1106?
553
What is the greatest common divisor of 1673793372 and 36?
12
Calculate the highest common factor of 20975356 and 92.
92
Calculate the greatest common factor of 13099398 and 20748.
1482
What is the highest common factor of 280439637 and 9183?
9183
Calculate the highest common divisor of 9785 and 29767.
103
What is the highest common divisor of 55 and 3242880?
5
Calculate the greatest common factor of 24 and 24222936.
24
Calculate the greatest common factor of 4250064 and 186004.
2548
What is the highest common factor of 1994745 and 1118181?
5619
Calculate the greatest common divisor of 89325565 and 238.
119
Calculate the highest common factor of 288 and 821792.
32
What is the highest common divisor of 36 and 10902408?
12
What is the greatest common factor of 2340 and 56260620?
2340
Calculate the highest common factor of 144 and 26810316.
36
What is the highest common divisor of 644 and 1999804?
92
Calculate the greatest common divisor of 181799 and 732539.
137
What is the highest common divisor of 352728 and 11903328?
4968
Calculate the greatest common factor of 660633 and 1048.
131
What is the highest common divisor of 16650 and 33750450?
450
Calculate the greatest common divisor of 18598162 and 11.
11
Calculate the highest common divisor of 1053035 and 55225.
235
What is the highest common factor of 930 and 110910?
30
Calculate the highest common factor of 16348 and 539884526.
8174
Calculate the highest common factor of 144 and 54257544.
72
What is the highest common factor of 211415744 and 16?
16
Calculate the greatest common divisor of 412 and 26570086.
206
What is the greatest common factor of 29292675 and 2025?
75
Calculate the highest common factor of 1040833872 and 4797.
4797
Calculate the highest common divisor of 86 and 2381297.
43
What is the greatest common factor of 18430 and 10102870?
190
What is the greatest common factor of 2176 and 116576?
32
What is the highest common divisor of 1430210 and 2366638?
1598
What is the highest common factor of 12 and 5524950?
6
Calculate the greatest common divisor of 96 and 5372124.
12
Calculate the highest common factor of 82 and 5419257.
41
Calculate the greatest common factor of 63348 and 2766.
6
Calculate the highest common factor of 45 and 12702090.
15
What is the highest common factor of 33474 and 7714?
14
What is the highest common divisor of 9253240 and 1160?
40
Calculate the greatest common divisor of 796 and 65684.
4
Calculate the greatest common divisor of 120704699 and 116.
29
Calculate the highest common factor of 67 and 19830593.
67
Calculate the greatest common factor of 787508 and 8614784.
2516
Calculate the highest common factor of 1836161 and 88877.
1891
What is the greatest common divisor of 22753 and 27209977?
373
Calculate the highest common factor of 9179397 and 38763.
531
Calculate the highest common divisor of 5498037 and 61182.
2781
What is the greatest common factor of 632650722 and 4917?
4917
Calculate the greatest common divisor of 66 and 11773212.
66
Calculate the highest common factor of 91407075 and 150.
75
Calculate the greatest common divisor of 20800 and 9536.
64
What is the highest common divisor of 36512616 and 105?
21
What is the highest common factor of 11168088 and 564?
12
What is the highest common divisor of 212 and 292733734?
106
What is the highest common divisor of 1568608 and 64?
32
Calculate the highest common factor of 735 and 37331210.
35
What is the greatest common factor of 22524 and 39873111?
5631
Calculate the greatest common divisor of 61806299 and 879.
293
What is the greatest common divisor of 66 and 12572538?
66
Calculate the highest common divisor of 24991856 and 18721.
97
Calculate the greatest common divisor of 3289718 and 43414.
886
Calculate the greatest common divisor of 9522 and 179955.
9
Calculate the greatest common factor of 110521897 and 6249.
2083
What is the greatest common divisor of 69862 and 9932?
26
Calculate the greatest common factor of 10710 and 37878210.
1530
What is the highest common divisor of 579161 and 14911?
37
What is the greatest common factor of 669842 and 19372?
58
Calculate the greatest common divisor of 115 and 3060587.
23
What is the greatest common divisor of 271 and 5549809?
271
What is the greatest common divisor of 2172804 and 748?
68
Calculate the greatest common divisor of 956552 and 1000.
8
What is the greatest common factor of 315 and 7653030?
105
What is the highest common divisor of 1991115 and 4320?
135
Calculate the highest common divisor of 4275806 and 676566.
2278
Calculate the highest common divisor of 38416 and 3367574.
686
Calculate the highest common factor of 6396635 and 3990.
665
Calculate the highest common divisor of 253738 and 44536.
586
Calculate the greatest common factor of 68 and 26732109.
17
Calculate the greatest common divisor of 237800 and 26266650.
2050
Calculate the highest common divisor of 1938184 and 376.
8
Calculate the greatest common divisor of 280 and 86899680.
280
Calculate the greatest common divisor of 2074364152 and 8.
8
What is the highest common divisor of 7458 and 1280788443?
3729
Calculate the greatest common factor of 433645 and 295.
5
Calculate the highest common divisor of 6472034 and 3199.
457
What is the highest common divisor of 99 and 13926484?
11
What is the greatest common factor of 1274182 and 27482?
182
What is the highest common factor of 473926 and 58618?
106
Calculate the greatest common factor of 6016 and 16537232.
752
Calculate the highest common divisor of 1204 and 16960748.
1204
What is the highest common divisor of 182351 and 503113?
2197
What is the greatest common divisor of 186385307 and 1311?
437
What is the highest common divisor of 1282059 and 40581?
1503
Calculate the greatest common divisor of 8033 and 396517.
29
What is the highest common divisor of 2400 and 96416000?
800
Calculate the highest common divisor of 706592 and 25631.
71
Calculate the highest common divisor of 8144786 and 4563.
169
What is the greatest common divisor of 8756404 and 4?
4
What is the greatest common factor of 14640 and 167262?
366
What is the greatest common divisor of 41318700 and 36550?
2150
Calculate the highest common factor of 7454275 and 225.
25
What is the greatest common factor of 317553 and 53907?
453
What is the highest common divisor of 39 and 1116434553?
39
Calculate the greatest common factor of 19846659 and 798.
399
What is the greatest common divisor of 208 and 276347344?
208
Calculate the highest common factor of 2 and 91787.
1
Calculate the greatest common factor of 325584 and 2091.
51
What is the highest common divisor of 7040 and 5849470?
110
What is the greatest common divisor of 13266653 and 529?
23
What is the greatest common factor of 32032 and 322056?
56
What is the greatest common factor of 463066950 and 15?
15
Calculate the greatest common divisor of 14758551 and 54.
27
W